 when 28 is divided by d(b)?
8
Let c(m) = -m**2 - 9*m + 20. Calculate the remainder when 110 is divided by c(-8).
26
Suppose -j - 3*j = 4*b - 4, -5*b - j + 25 = 0. Calculate the remainder when 15 is divided by b.
3
Let j(d) = d**3 - 7*d**2 - 4*d + 5. Let o be j(7). Let k = -7 - o. What is the remainder when 63 is divided by k?
15
Let r be 2*2 - 20/5. Suppose r*f = 2*u - 4*f - 24, f + 9 = u. What is the remainder when u is divided by 2?
0
Let w(s) = -s**3 - 8*s**2 - 9*s + 4. Suppose 3 - 5 = j, p = -j - 4. Let x be -1 - (-4 - p - -8). What is the remainder when w(x) is divided by 10?
8
Suppose 3*n + 1 - 13 = 0. Calculate the remainder when n is divided by 2.
0
Suppose 4*u - 55 = -4*o + 145, 199 = 4*u + 3*o. Let z = -21 + 34. Calculate the remainder when u is divided by z.
10
Suppose -5*j + 10 = -0*j. Let p(l) = l**3 + 3*l**2 - 2*l + 2. What is the remainder when p(j) is divided by 7?
4
Suppose 2 = -2*l + 16. Suppose -2*q + 15 = x, -2*x + 0*x + q = -55. What is the remainder when x is divided by l?
4
Let o = 37 - 22. Suppose 4*t - o = 37. Let x(u) = 4*u**2 + 26*u - 11. What is the remainder when x(-8) is divided by t?
11
Suppose 4*h - 41 = 2*h + 3*j, -j = -4*h + 67. Suppose 2*d + 12 = 3*o + 5*d, -4*o + 3*d = -2. What is the remainder when 21 is divided by 1/(o/h) - 0?
5
Let r = -87 - -111. What is the remainder when 60 is divided by r?
12
Let s(f) = -f**2 - 2*f + 35. Let y be (-4)/14 + (-4)/(-14). What is the remainder when s(y) is divided by 18?
17
Let w(b) = -b**3 - 2*b**2 + 2*b + 2. Let q = 1 - 2. Let g be (q/2)/(3/18). What is the remainder when 8 is divided by w(g)?
3
Calculate the remainder when 21 is divided by (-450)/(-108) - (-1)/(-6).
1
Let j be 2/8 - 2/8. Let a = 5 + j. What is the remainder when a is divided by (-2)/(-3) + (-12)/(-9)?
1
What is the remainder when 42 is divided by (2 - 2)/3 - -11?
9
Let m = 88 + -49. What is the remainder when 112 is divided by m?
34
Let j = 2 + -2. Suppose 0 = -u - j*w + 3*w, w - 8 = -u. What is the remainder when ((-34)/4)/((-5)/10) is divided by u?
5
Let k(t) = -t**2 - 5*t + 1. Let r = -3 - 1. Calculate the remainder when 18 is divided by k(r).
3
Let p = -8 + 19. Calculate the remainder when (-690)/(-36) - (-1)/(-6) is divided by p.
8
Suppose 2*l = l + 9. Let v(z) = -z**2 + 12*z - 1. Let o be v(l). Suppose -6 + o = 4*f. Calculate the remainder when 13 is divided by f.
3
Suppose -5*f + 39 - 214 = 0. Calculate the remainder when -1*(3 + f + -1) is divided by 12.
9
Let w = -8 - -12. Suppose -10 = -3*g - 3*t + 17, w = t. Suppose 0*f + g*f = 125. Calculate the remainder when f is divided by 9.
7
Suppose -t = 2*r - 56, t = r - 22 + 87. Suppose 2*z - 4*b - t = 0, 0*b = 5*z - b - 128. Calculate the remainder when z is divided by 9.
7
Suppose -5*u + 150 = 4*f + 6, u + 3*f = 20. Calculate the remainder when 159 is divided by u.
31
Suppose -2 - 3 = -5*b. Let v(p) = 0 - 9*p - b - 43*p. Calculate the remainder when v(-1) is divided by 18.
15
Let k = 88 - 74. Calculate the remainder when (-215)/(-4) - 2/(-8) is divided by k.
12
Let j(r) = -r**3 + 6*r**2 + r + 2. What is the remainder when 14 is divided by j(6)?
6
Suppose 0 = -3*r - y + 51, r - 5 = -2*y + 12. What is the remainder when 50 is divided by r?
16
Let c(v) be the third derivative of -7*v**4/24 + v**3/6 - 2*v**2. Let b be c(-4). Suppose 0 = -5*u + b + 51. What is the remainder when 30 is divided by u?
14
Suppose 0 = 2*c - 3*r - 46, -2*c - r + 46 = -3*r. Let y = -47 + 136. What is the remainder when y is divided by c?
20
Let h(g) = -g**3 + 9*g**2 + 7*g + 6. What is the remainder when h(9) is divided by 24?
21
Suppose -4*l = -3*y + 63 + 20, -109 = 5*l - 2*y. Let n = l - -28. What is the remainder when 8 is divided by n?
3
Let u(s) = -4*s - 15. Suppose -h - 7 = -2*h. Calculate the remainder when u(-10) is divided by h.
4
Let o = 51 - 31. Calculate the remainder when 78 is divided by o.
18
Suppose -2*x + x = 4*v - 21, 106 = 4*x + 5*v. What is the remainder when x is divided by 16?
13
Let x = 11 + -6. Let b(m) = 6*m - 5. What is the remainder when b(x) is divided by 9?
7
What is the remainder when 3 - ((-14)/4 - -3)*92 is divided by 13?
10
Suppose -32 + 6 = 5*g + 3*j, 2*g + 2 = 3*j. Let y(p) = p**2 + 2*p + 6. What is the remainder when 25 is divided by y(g)?
11
Let x = -30 + 117. What is the remainder when x is divided by 10?
7
Suppose 3*o - 47 - 37 = 0. Suppose 29 + 11 = 4*g. What is the remainder when o is divided by g?
8
Suppose 4*r + u = 28, 3*r - 3*u = u + 40. Let y = 28 - 5. What is the remainder when y is divided by r?
7
What is the remainder when (-76)/57 + (-61)/(-3) is divided by 12?
7
Let i = -57 + 199. Calculate the remainder when i is divided by 8.
6
Suppose 4*d - 3*n - 52 = n, 3*d - n = 37. Calculate the remainder when (50/(-3))/((-4)/d) is divided by 13.
11
Let k(b) = 2*b**3 - 2*b - 1. Let y be k(-1). Calculate the remainder when 0 - y - (-11)/1 is divided by 7.
5
Let j(w) = -w - 2. Let p be j(-5). Suppose 3 = -p*z + 9. What is the remainder when 4 is divided by z?
0
Let k = 40 + -10. Calculate the remainder when 57 is divided by k.
27
Let o(w) be the second derivative of 5*w**4/6 - w**3/3 - w**2/2 - 4*w. Calculate the remainder when 21 is divided by o(-1).
10
Suppose -5*d = 5*s - 15, -s = -2*s + d - 7. Let f be s*(-1)/4*-44. Let c = f + 78. Calculate the remainder when c is divided by 19.
18
Suppose z = -2*z - 15. Let y = -5 - z. Suppose y = -3*u + u + 86. What is the remainder when u is divided by 15?
13
Let q(l) = -l**3 - 7*l**2 + 16*l - 10. Calculate the remainder when q(-9) is divided by 5.
3
Suppose -6*z - 106 = -292. Calculate the remainder when z is divided by 9.
4
Let a = 17 + 0. Suppose 0 = -d - 4*n + 18, 3*n + 7 = -2*d + 33. Let w = a - d. Calculate the remainder when 19 is divided by w.
5
Suppose 5*z - z = -2*u + 30, -51 = -5*z + 2*u. What is the remainder when 49 is divided by z?
4
Let x = 9 + 8. What is the remainder when x is divided by 10?
7
Suppose -69 + 4 = -5*b. What is the remainder when b is divided by 5?
3
What is the remainder when 74 is divided by (-38)/6*(-1 - 2)?
17
Suppose 4*a = -0*a + 4*v + 56, -v + 66 = 4*a. Calculate the remainder when 30 is divided by a.
14
Let q = -1 - -6. Let l(b) = b**2 + b + 4. Calculate the remainder when l(q) is divided by 12.
10
Suppose -2785 = -5*o + 3*s, -3*s = o + 234 - 773. Suppose -5*g = 0, -g + 5 = 4*j - 51. What is the remainder when (-8)/44 - o/(-22) is divided by j?
11
Suppose -4*o + 16 = -0*o. Suppose 2*n - 4 = -2*n. Calculate the remainder when n is divided by (o - 2)/((-4)/(-2)).
0
Suppose -4*h + j = -9, 0 = 2*j - 5 - 1. Suppose 2*z = 47 - h. Let x = -16 + z. What is the remainder when 11 is divided by x?
5
Let c = 78 - 75. What is the remainder when 3 - (-2 + 2) - -1 is divided by c?
1
Suppose 2 = 5*g - 2*n, 0*n = -n + 4. Let w(d) = d**2 + 2. Calculate the remainder when 10 is divided by w(g).
4
Let a be 3/3*(-1 + -7). Let m(j) be the second derivative of -5*j**3/6 - 6*j**2 - j. What is the remainder when m(a) is divided by 10?
8
Let k = -37 + 58. What is the remainder when 81*(0 - (3 - 4)) is divided by k?
18
Let k be 2 - (-1 + 1)/2. Suppose -k = -i + 5. Suppose -9*y + i*y = -42. What is the remainder when 62 is divided by y?
20
Suppose 0 = -2*r - 5*i - 8, -2*r + i = 9 - 1. Let a = r + 4. Suppose 4*p - u - 85 = a, 2*p + 4*u + 60 = 4*p. What is the remainder when p is divided by 11?
9
Let v = -11 - -21. Let s(g) = 29*g - 1. What is the remainder when s(1) is divided by v?
8
Let h(c) = c**2 - 4*c + 8. What is the remainder when h(7) is divided by 16?
13
Suppose 0 = -v + 3 + 1. Let x be (-1)/v + 27/12. What is the remainder when 17 is divided by (1 - 19)/(x/(-1))?
8
Let m = -162 + 268. Let z be m/22 + (-6)/(-33). What is the remainder when 45 is divided by 2/5 + 113/z?
22
Let o(a) = 11*a - 66. Suppose 2*k + 24 = 2*s, 0 = -0*s + 5*s - 4*k - 65. Calculate the remainder when o(12) is divided by s.
15
Let t be 2/4*-2 + 13. Suppose 3*v = v + t. What is the remainder when 17 is divided by v?
5
Let k = -83 - -122. What is the remainder when k is divided by 20?
19
Suppose 41 - 145 = -4*a. Let l(h) = h**3 + 4*h**2 - 8*h - 6. Suppose -p - 20 = 3*p. Calculate the remainder when a is divided by l(p).
8
Let i = -112 + 174. Suppose -i = 4*q - 174. Suppose 37 = 5*p - q. Calculate the remai